me factors of 428031903.
3, 13, 10975177
What are the prime factors of 57231421?
13, 359, 12263
List the prime factors of 845623823.
11, 19, 157, 25771
List the prime factors of 1318991.
1318991
What are the prime factors of 300709715?
5, 60141943
List the prime factors of 1490782147.
13669, 109063
List the prime factors of 578566801.
1019, 567779
List the prime factors of 94822767.
3, 13, 23, 167, 211
What are the prime factors of 28479495?
3, 5, 11, 172603
List the prime factors of 46951918.
2, 13, 31, 4481
What are the prime factors of 57613478?
2, 13, 2215903
What are the prime factors of 423674246?
2, 379, 558937
List the prime factors of 545353211.
13, 41950247
What are the prime factors of 128541689?
128541689
List the prime factors of 243628818.
2, 3, 59, 688217
List the prime factors of 41249155.
5, 233, 35407
List the prime factors of 3111196571.
7, 17, 757, 34537
What are the prime factors of 24589009?
89, 173, 1597
List the prime factors of 233759188.
2, 13, 1123, 4003
What are the prime factors of 79511296?
2, 310591
List the prime factors of 75637361.
37, 563, 3631
List the prime factors of 1574699147.
7, 1327, 169523
What are the prime factors of 663838003?
1663, 399181
What are the prime factors of 692104542?
2, 3, 181, 637297
List the prime factors of 43413657.
3, 7, 281, 1051
What are the prime factors of 41567492?
2, 10391873
List the prime factors of 317213375.
5, 887, 2861
List the prime factors of 5576454364.
2, 13, 3037, 35311
List the prime factors of 292190598.
2, 3, 7, 772991
List the prime factors of 17649904.
2, 1103119
What are the prime factors of 285415089?
3, 95138363
What are the prime factors of 487389899?
89, 2099, 2609
List the prime factors of 990072605.
5, 17, 23, 107, 4733
List the prime factors of 154671096.
2, 3, 19, 59, 5749
List the prime factors of 13363388.
2, 3340847
What are the prime factors of 68465155?
5, 11, 1244821
What are the prime factors of 4377577611?
3, 11, 31, 4279157
What are the prime factors of 189998?
2, 94999
What are the prime factors of 50329018?
2, 25164509
List the prime factors of 202136663.
202136663
List the prime factors of 7737852.
2, 3, 139, 4639
List the prime factors of 119910507.
3, 39970169
What are the prime factors of 612584?
2, 7, 10939
List the prime factors of 135216348.
2, 3, 2753, 4093
What are the prime factors of 986412576?
2, 3, 1217, 8443
List the prime factors of 32580994.
2, 16290497
List the prime factors of 304514369.
1531, 198899
List the prime factors of 78500499.
3, 7, 11, 43, 1129
List the prime factors of 1451503274.
2, 13, 23, 2427263
List the prime factors of 383131841.
401, 955441
List the prime factors of 46410771.
3, 11, 1406387
What are the prime factors of 49291875?
3, 5, 23, 127
What are the prime factors of 119556929?
433, 276113
What are the prime factors of 90157217?
23, 503, 7793
What are the prime factors of 82784468?
2, 13, 311, 5119
List the prime factors of 53178414.
2, 3, 17, 521357
List the prime factors of 537277486.
2, 17, 15802279
What are the prime factors of 6916716247?
7, 7573, 130477
What are the prime factors of 3923854314?
2, 3, 47, 13914377
What are the prime factors of 5648711?
313, 18047
List the prime factors of 80871581.
7, 19, 32003
List the prime factors of 1155294871.
59, 941, 20809
List the prime factors of 1878467588.
2, 6029, 77893
List the prime factors of 134171620.
2, 5, 11, 37, 53, 311
List the prime factors of 698516711.
359, 1945729
List the prime factors of 188347420.
2, 5, 17, 553963
What are the prime factors of 76506106?
2, 38253053
What are the prime factors of 379440593?
7, 54205799
What are the prime factors of 446373081?
3, 7, 11, 644117
What are the prime factors of 1571189431?
7, 101, 2222333
List the prime factors of 81281115.
3, 5, 1806247
What are the prime factors of 29796981?
3, 151, 65777
List the prime factors of 25835132.
2, 6458783
List the prime factors of 40370872.
2, 5046359
List the prime factors of 78812365.
5, 15762473
List the prime factors of 38495795.
5, 13, 227, 2609
What are the prime factors of 840771026?
2, 23, 31, 589601
What are the prime factors of 6056351?
7, 17657
What are the prime factors of 698575608?
2, 3, 107, 90677
What are the prime factors of 28526941?
28526941
What are the prime factors of 68244826?
2, 13, 31, 227, 373
What are the prime factors of 1088928512?
2, 7, 41, 14821
What are the prime factors of 4815951?
3, 7, 53, 4327
What are the prime factors of 134993824?
2, 7, 251
What are the prime factors of 335926787?
7, 47989541
What are the prime factors of 3671782?
2, 941, 1951
List the prime factors of 1008479450.
2, 5, 11, 61, 30059
What are the prime factors of 3283752301?
3547, 925783
List the prime factors of 167871543.
3, 7, 7993883
What are the prime factors of 269317865?
5, 4259, 12647
List the prime factors of 4071677464.
2, 4231, 120293
List the prime factors of 60293893.
11, 149, 36787
What are the prime factors of 1529715075?
3, 5, 7, 416249
What are the prime factors of 208535971?
7, 4337, 6869
List the prime factors of 10763802.
2, 3, 7, 85427
What are the prime factors of 42011879?
7, 13, 17, 2089
List the prime factors of 117447068.
2, 29361767
What are the prime factors of 429589682?
2, 47, 607, 7529
What are the prime factors of 260677551?
3, 86892517
What are the prime factors of 242743644?
2, 3, 11, 13, 61, 773
List the prime factors of 1316130942.
2, 3, 7, 47, 666733
List the prime factors of 16135463.
313, 51551
List the prime factors of 4605705716.
2, 19, 691, 87701
List the prime factors of 83452278.
2, 3, 7, 13, 152843
What are the prime factors of 68052182?
2, 11, 3093281
List the prime factors of 299642797.
61, 89, 97, 569
What are the prime factors of 2399429680?
2, 5, 4219, 7109
List the prime factors of 78532924.
2, 19633231
List the prime factors of 2580578692.
2, 53, 1783, 6827
What are the prime factors of 859343088?
2, 3, 3083, 5807
What are the prime factors of 40717890?
2, 3, 5, 17, 2957
List the prime factors of 140160566.
2, 7, 13, 770113
List the prime factors of 1457048319.
3, 485682773
What are the prime factors of 897611017?
7933, 113149
What are the prime factors of 3138037029?
3, 157, 839, 2647
List the prime factors of 467184954.
2, 3, 29, 2684971
What are the prime factors of 272397399?
3, 41, 223, 9931
What are the prime factors of 41511818?
2, 29, 701, 1021
What are the prime factors of 839525911?
7, 31, 103, 37561
What are the prime factors of 687741547?
5419, 126913
List the prime factors of 21877730.
2, 5, 7, 37, 8447
What are the prime factors of 182352965?
5, 17, 2145329
What are the prime factors of 707633989?
707633989
What are the prime factors of 1137610048?
2, 17775157
List the prime factors of 205607139.
3, 1213, 56501
List the prime factors of 1404145236.
2, 3, 13, 9000931
What are the prime factors of 8801546?
2, 13, 17, 19913
List the prime factors of 4118664197.
193, 439, 48611
List the prime factors of 258161453.
11, 23, 1020401
What are the prime factors of 106363662?
2, 3, 17, 1042781
List the prime factors of 1817450078.
2, 908725039
What are the prime factors of 271519865?
5, 89, 610157
What are the prime factors of 223721241?
3, 17, 67, 233, 281
List the prime factors of 122821473.
3, 31, 409, 3229
What are the prime factors of 867930821?
29, 107, 279707
List the prime factors of 270171898.
2, 71, 1902619
What are the prime factors of 3829365162?
2, 3, 7, 241, 126107
List the prime factors of 59899854.
2, 3, 7, 79, 2579
What are the prime factors of 41119093?
1231, 33403
List the prime factors of 1206769662.
2, 3, 7, 9577537
What are the prime factors of 162451041?
3, 97, 558251
What are the prime factors of 23230869?
3, 89, 167, 521
List the prime factors of 108871282.
2, 13, 23, 182059
List the prime factors of 45737364.
2, 3, 107, 179, 199
What are the prime factors of 37832364?
2, 3, 1050899
List the prime factors of 26143802.
2, 67, 195103
What are the prime factors of 316312016?
2, 19769501
What are the prime factors of 507468860?
2, 5, 3389, 7487
What are the prime factors of 1177779704?
2, 61, 2413483
List the prime factors of 2771397651.
3, 11, 83981747
List the prime factors of 687106397.
131, 607, 8641
What are the prime factors of 370466044?
2, 13, 7124347
List the prime